5). Is 2 + 2 - (3 + r) a composite number?
True
Let k(t) = -t**3 + 2*t**2 + 5*t - 6. Let x be k(3). Suppose 2*d - 677 + 147 = x. Is d composite?
True
Is (-10)/((-10)/1819) - 8 a composite number?
False
Let n = -28 - -36. Let h(j) be the first derivative of 4*j**3/3 - 7*j**2/2 + 3*j + 4. Is h(n) a prime number?
False
Let y = 0 + -3. Let p be 3 + 2 + -4 - y. Suppose -5*d - 4*m + 164 = -d, p*d = -3*m + 166. Is d composite?
False
Let y = 24 - 20. Suppose -26 = -y*c + 2*n, 4*c = n + 16 + 7. Suppose c*b - 775 = z, 2*b - 2*z - 275 - 35 = 0. Is b composite?
True
Let h(r) = 7*r**2 - 6*r - 5. Let f be h(5). Suppose 4*b - 512 = f. Is b a prime number?
True
Let c(y) = 11*y**3 - 3*y**2 + 11*y - 9. Let z be c(4). Suppose -4*n = -x + 5526 - z, 5*x + n - 24175 = 0. Is x composite?
True
Let n(z) = 58*z**2 - z. Let g be n(4). Suppose 761 + g = 5*w. Is w composite?
False
Let o(r) = -r**3 + 46*r**2 - 20*r + 207. Is o(20) a composite number?
True
Let u(s) be the first derivative of 13*s**5/60 - 5*s**4/24 - s**3/2 - 2*s**2 + 4. Let o(r) be the second derivative of u(r). Is o(-5) prime?
True
Is 20*132 - (15 - 8) a prime number?
True
Let u(x) = 2*x**3 + 93*x**2 + 11*x + 33. Is u(-38) a composite number?
True
Suppose 9 = p + 2*p. Suppose v = -2*j + 3*v - 266, 423 = -3*j - p*v. Let s = 234 + j. Is s prime?
True
Let t be ((-181)/(-2))/(7/392). Suppose -5*a = -237 - t. Is a a composite number?
False
Let r be 1/(((-3)/6)/(-1)). Suppose -2*f = 2*v - 1356, -r*v - 3*v - 1363 = -2*f. Is f prime?
False
Let g(j) = -96*j + 4. Let b = -21 - -15. Let i be g(b). Suppose -i - 1079 = -3*m. Is m a prime number?
False
Suppose -5*c = -5*p - 185885, -p = -2*c + 61403 + 12947. Is c a composite number?
True
Let c = -7353 + 29204. Is c a prime number?
True
Suppose -b = -91 + 22. Suppose 19*g - 16*g + 51 = 0. Let l = b - g. Is l a composite number?
True
Suppose 0 = -5*z + 6*z + 4. Is (-248)/z - (4 - 1) a prime number?
True
Let s be (-2)/8 + 63/28. Suppose -s*l - 29 + 53 = 0. Let v(m) = 41*m + 17. Is v(l) prime?
True
Let w(z) = -z**2 + 8*z + 4. Let k be w(9). Let l be (-15)/6*(-6)/k. Let x(m) = -17*m**3 - m**2 + 3*m - 2. Is x(l) a composite number?
False
Let i = -153796 - -269381. Is i composite?
True
Let b(s) = -s**2 - 6*s. Suppose 0*m + 4*m + 4*g + 36 = 0, 5*g = -m - 25. Let f be b(m). Suppose v + f*n - 138 = 0, -2*v + 4*n = 2*v - 648. Is v prime?
False
Let h(t) = -t**3 - 3*t**2 + 4*t - 3. Let r(j) = 2*j**3 + 3*j**2 - 4*j + 2. Let g(a) = 3*h(a) + 2*r(a). Suppose 2*c - 13 + 1 = 0. Is g(c) prime?
True
Let n(x) = -x**2 + 12*x + 5. Let b be n(9). Let k be b/10*2020/(-8). Let c = -91 - k. Is c prime?
False
Suppose -30352 = -9*p - 5359. Is p a composite number?
False
Let t be (-119 - 4)*(39/(-9))/1. Is t*(0 + -1 + 2) composite?
True
Suppose -9*m - 2*c + 9151 = -4*m, -3*m - 5*c = -5483. Is m composite?
False
Suppose -4*j = -2*p, 4*p - 22 = -p - j. Suppose -p*y + 5082 = 2*b, -4*b + 7*y = 8*y - 10136. Is b composite?
True
Is (4 - (65 + 3 - -4))/(-2) a composite number?
True
Let k be 3 + (10/5 - 2). Suppose 5*r - 3*f - 34 = -0*f, k*r - 4*f - 27 = 0. Suppose -40 = -n + r*a + 258, n - 4*a = 297. Is n composite?
False
Suppose 2*d - 5*d + 12 = 0. Suppose -8 = -6*n + d*n. Suppose -n*b - 3*b = -1477. Is b prime?
True
Let p be (-5)/5*(2 - 5). Suppose -3*g + 18 = -3*j - 57, 0 = -j - p. Is g prime?
False
Is (-104136)/(-20) + (10/(-25))/(-2) a composite number?
True
Suppose -3*y = -53196 - 90867. Is y prime?
False
Suppose 0 = -0*c + 2*c. Let w be 371 + 3 + c/2. Suppose 5*l - 619 = 5*j + 1301, -l = -3*j - w. Is l prime?
True
Let u = -2460 - -7499. Is u a composite number?
False
Suppose -3*v - 6 = -4*v. Suppose 1178 = -4*u + v*u. Let l = -80 + u. Is l a prime number?
True
Let y = -2 + 3. Suppose -g + 2 = 0, 2*g + y = 3*l - 2*g. Suppose 2*x - x = l. Is x a composite number?
False
Let y(u) be the second derivative of 77*u**3/6 + 6*u**2 + 10*u. Is y(5) composite?
False
Suppose 4*l - 14448 = 5*u, -4*u - 14444 = 4*l - 8*l. Suppose -5*g + 3*o = -0*o - 3586, -l = -5*g - 4*o. Is g a prime number?
True
Let u(k) = -958*k + 5. Let r(f) = -958*f + 3. Let s(j) = 4*r(j) - 3*u(j). Is s(-1) a prime number?
False
Suppose -5*p = 4*i - 3427, -4*i + 3450 - 32 = 2*p. Is i a composite number?
False
Suppose 6*u - u + 10010 = -5*r, -4*r - 8024 = -4*u. Is (r/(-30))/2 - (-4)/(-10) a composite number?
True
Suppose -5*c - 8*z + 84093 = -6*z, 4*c - 67264 = z. Is c prime?
False
Let r(n) = -3*n**3 - 9*n**2 - 8*n + 7. Let g(l) = l**2 + l + 1. Let z(q) = 4*g(q) + r(q). Is z(-8) a composite number?
False
Suppose 293521 + 256208 = 9*f. Is f a composite number?
True
Let l = 168 - -2565. Is l a composite number?
True
Suppose -54*s + 50*s = -34252. Is s composite?
False
Suppose 11 + 5 = 4*z. Let y(s) = -23*s + 6. Let j be y(z). Let r = 179 + j. Is r a composite number?
True
Suppose -12 = -0*n + n. Is (68/6)/(n/(-198)) a prime number?
False
Let r(t) be the third derivative of 37*t**4/12 + 5*t**3/6 + 5*t**2. Let x be r(4). Suppose 3*z = -v - 71 + x, 2*z - 2*v - 156 = 0. Is z composite?
True
Suppose 10*g - 3707 - 26033 = 0. Suppose 4*m = 2398 + g. Is m prime?
False
Let h(r) = 2*r**2 + 20*r + 29. Let s = 50 - 30. Is h(s) a composite number?
False
Let y(d) = 10*d**2 + 22*d - 55. Is y(-23) composite?
False
Is ((-60832)/(-96))/((-1)/(-3)) a prime number?
True
Suppose 3 = -5*u + 5*j - 2, 4*u + 10 = -2*j. Is 2 + 248 - ((u - -1) + 0) a prime number?
True
Let f(c) = -c + 14. Let a(n) = -4*n + 35. Let u(b) = -2*b + 18. Let l(g) = -4*a(g) + 7*u(g). Let h(q) = 7*f(q) + 6*l(q). Is h(9) composite?
False
Suppose 4*o - 14 = 5*v, -o - 4*o = -3*v - 11. Is (30/(-25))/(v/395) prime?
False
Suppose 0 = 4*y - 4*h - 9732, h + h - 2421 = -y. Suppose 3*z + 758 = y. Is z a prime number?
True
Suppose -3529 - 1239 = -4*s. Let c = -552 + s. Suppose -4*p + 2900 - c = 0. Is p a prime number?
False
Let x(a) = 16*a**3 + 3*a**2 - 4*a + 7. Let m be (-2*8/48)/((-1)/9). Is x(m) composite?
True
Suppose 55 = -c - 2*f - 3*f, -2*c - 131 = 3*f. Let l = 127 + c. Is l composite?
True
Suppose 14*g + 90 = 9*g. Is (381/(-18)*-1)/((-3)/g) a prime number?
True
Suppose 3 = p, 4*b - 3*p = -b + 1046. Is b a prime number?
True
Let d(w) = w**2 + 14*w + 4. Let r be d(-14). Suppose 0 = -4*p + 3*p + 2, 343 = 5*n + r*p. Is n composite?
False
Suppose -3*o = 2*o - 5*m, -5*m = -2*o. Suppose o = -3*c - a + 18, 4 = 4*c + a - 19. Let i(h) = h**3 + 2*h**2 - 2*h - 2. Is i(c) a prime number?
True
Let v(j) = 300*j + 703. Is v(8) a composite number?
True
Let u be -3 - -609 - (4 - 4). Suppose -2*q = 4*b - 1002, q = 4*b - 387 - u. Is b a composite number?
True
Let y(p) = -p**3 + p**2 - 4*p - 3. Let l be y(-2). Let t(n) = 38*n + 27. Is t(l) prime?
True
Let a = -43 - -43. Is -149*(a/(-2) - 1) a prime number?
True
Let o = 3019 - 1659. Suppose 4*c = 3816 - o. Is c composite?
True
Let g be 1292*(-2 - -1) + -1. Let n = -794 - g. Is n a composite number?
False
Let g be (1 - 2)/((-7)/(-42)). Let m be g/(-4)*(-24)/(-18). Suppose 2*h - 7*h = -5*v + 610, 240 = m*v + 2*h. Is v composite?
True
Let o(r) = -160*r - 54. Let q be o(-6). Suppose -h - h + q = 0. Is h a composite number?
True
Let q = -2916 + 1974. Let w = -523 - q. Is w a composite number?
False
Let g = 63 + 27. Suppose -2*m + g = -0*m + 5*i, -5*m - 3*i = -225. Is 27/m - 14/(-10) a prime number?
True
Let t = -9 + 92. Is (-3 + -2)/((-1)/t) a composite number?
True
Let k(y) = y**2 + 3*y + 1. Let w be k(-3). Let p be -9*w*(-4)/12. Suppose 430 = 5*m - 5*u, 0*m + p*m - u = 252. Is m a prime number?
True
Let u(x) = -1156*x**3 + 2*x + 1. Let n be u(-2). Suppose -5*j - n = -5*y, j + 6023 = 4*y - 1367. Is y composite?
False
Is 5335 - (5 - (4 - -3))*-2 prime?
False
Let x(j) = 10*j + 15. Let t(p) = -7*p - 10. Let n(s) = 7*t(s) + 5*x(s). Let q be n(-5). Suppose 3*m + 4*l - 2359 = -864, m + 2*l - 495 = q. Is m prime?
False
Let z = 59 + -55. Suppose z*r - 11616 = 4*p, -3*r + 9288 - 536 = 5*p. Is r a prime number?
True
Let l(u) = -49*u + 28. Let s be l(7). Let n = s + 872. Is n a prime number?
True
Let w = -37 + 42. Suppose w*c = 955 + 580. Is c composite?
False
Let s(i) be the second derivative of 7/4*i**4 - 5/2*i**3 - 5*i + 1/20*i**5 + 0 + 17/2*i**2. Is s(-18) a composite number?
False
Suppose 3*k + 5*l = 302 + 316, -847 = -4*k + l. Is k composite?
False
Suppose -5*j = 4*r - 2*j - 2